s 480692321 prime?
True
Is 11259270461 a prime number?
True
Is 444778963 composite?
False
Is 666615727 a prime number?
False
Is 552975967 a composite number?
True
Is 1544960519 composite?
False
Is 3068082481 a composite number?
False
Is 2144183917 composite?
False
Is 122075509223 composite?
False
Is 56791745897 a prime number?
False
Is 208010939 a prime number?
False
Is 123189161 a prime number?
False
Is 8899553561 prime?
True
Is 6439639463 prime?
False
Is 866534989 a composite number?
False
Is 37449933041 composite?
True
Is 148783798843 composite?
False
Is 221355373 prime?
True
Is 2956816813 prime?
False
Is 1597167499 composite?
False
Is 2436373769 a prime number?
True
Is 70401361 prime?
True
Is 2364902027 a composite number?
True
Is 198614285 a composite number?
True
Is 32952473121 composite?
True
Is 91475680537 prime?
False
Is 1119832151 a composite number?
False
Is 47547219173 a composite number?
False
Is 1916128271 a prime number?
True
Is 4901492914 prime?
False
Is 1919315461 a composite number?
True
Is 47145094385 a composite number?
True
Is 10277150669 composite?
False
Is 1235453909 a prime number?
True
Is 6085278653 a prime number?
True
Is 8042821 a composite number?
True
Is 317154779 a prime number?
True
Is 530722513 composite?
False
Is 931110647 prime?
True
Is 13010558251 composite?
False
Is 4049297431 prime?
True
Is 187078723 prime?
False
Is 74804327657 a prime number?
True
Is 222023489 prime?
False
Is 47658899521 a prime number?
True
Is 63957874787 composite?
False
Is 28919531453 a prime number?
False
Is 397452137 composite?
True
Is 1532580289 a composite number?
False
Is 5568602987 prime?
True
Is 107702198027 prime?
False
Is 248809619 prime?
True
Is 10496917 a composite number?
True
Is 13749063049 a prime number?
True
Is 1233484667 prime?
False
Is 460272139 prime?
True
Is 793063043 prime?
True
Is 27580556533 a prime number?
True
Is 631466386 a composite number?
True
Is 2773047479 a composite number?
False
Is 20117161 a prime number?
True
Is 1140530971 a composite number?
True
Is 2963638969 prime?
True
Is 7424341165 prime?
False
Is 42825012761 a prime number?
True
Is 1776512693 a composite number?
False
Is 7128271349 prime?
True
Is 19354181167 composite?
True
Is 26171009251 a composite number?
False
Is 7662925289 a prime number?
True
Is 1240771523 a composite number?
True
Is 12359247937 a prime number?
False
Is 1369680011 a composite number?
True
Is 385232387 composite?
True
Is 1484456003 composite?
False
Is 38493655127 a prime number?
True
Is 7421933587 composite?
False
Is 12428222965 a composite number?
True
Is 23674280791 a composite number?
True
Is 33405433 prime?
False
Is 11574715643 prime?
True
Is 15771728371 a prime number?
False
Is 11464026859 composite?
True
Is 94843919 composite?
True
Is 9215487539 a composite number?
True
Is 18160082537 a composite number?
True
Is 418719053 prime?
True
Is 865077 composite?
True
Is 1986287321 composite?
False
Is 3074217983 a composite number?
False
Is 133374473 composite?
False
Is 54089243 a composite number?
True
Is 224367109 composite?
True
Is 54803075969 composite?
True
Is 598703981 a composite number?
False
Is 36648280307 composite?
False
Is 2634502049 composite?
True
Is 970502509 prime?
False
Is 4292889353 a prime number?
True
Is 2240950349 composite?
True
Is 29837272669 composite?
True
Is 3824669827 a composite number?
True
Is 2035331003 a composite number?
False
Is 8396545403 prime?
True
Is 1278275335 composite?
True
Is 56793458 prime?
False
Is 4552724342 a prime number?
False
Is 27460431601 a prime number?
False
Is 2469872891 prime?
True
Is 3860375717 composite?
True
Is 5405166035 composite?
True
Is 274006897 a prime number?
False
Is 424907167 composite?
False
Is 23317139711 composite?
False
Is 25056067301 a composite number?
True
Is 326321701 a prime number?
True
Is 54076971833 composite?
False
Is 221064371 prime?
False
Is 160873637 a composite number?
False
Is 7509281711 a composite number?
False
Is 243877147 a composite number?
True
Is 553632979 composite?
False
Is 5312505607 a prime number?
False
Is 34162851607 composite?
True
Is 12528826033 prime?
False
Is 49815169039 a composite number?
False
Is 4166172977 composite?
False
Is 22419703597 a composite number?
False
Is 931920083 composite?
False
Is 261014591 prime?
False
Is 4457592493 a prime number?
False
Is 23753161087 a prime number?
False
Is 3505770083 prime?
True
Is 1002738713 prime?
False
Is 105307688621 prime?
False
Is 195754891729 prime?
True
Is 22449426011 prime?
False
Is 1016769587 prime?
True
Is 5039527951 a prime number?
True
Is 1717696801 a prime number?
True
Is 553677569 a composite number?
False
Is 24957231683 a prime number?
False
Is 11956443269 composite?
False
Is 2895853109 a composite number?
True
Is 112763401 a composite number?
True
Is 28874481 composite?
True
Is 161535859 a prime number?
False
Is 304874951 composite?
False
Is 1214223799 a composite number?
True
Is 749541697 prime?
False
Is 14798903023 a prime number?
False
Is 1038621317 a composite number?
True
Is 111114763 composite?
True
Is 847136921 a prime number?
True
Is 2035802323 composite?
False
Is 315985893359 composite?
False
Is 83493999461 a prime number?
False
Is 189069313 composite?
True
Is 294542504353 prime?
True
Is 1682330287 prime?
False
Is 795494555 composite?
True
Is 389096370941 a prime number?
True
Is 680788929 prime?
False
Is 480425917 prime?
True
Is 102315553 prime?
True
Is 22056262 a prime number?
False
Is 166253537 a prime number?
True
Is 20570927671 a prime number?
False
Is 6068498819 composite?
False
Is 1023357359 prime?
False
Is 1822204858 prime?
False
Is 14341050231 composite?
True
Is 388099513 a composite number?
False
Is 10158268031 composite?
False
Is 39899589817 composite?
True
Is 4902641501 a composite number?
False
Is 10584546937 a composite number?
False
Is 9285616663 composite?
False
Is 19278856559 a prime number?
False
Is 7454543 prime?
False
Is 2385357671 composite?
False
Is 39938188413 a prime number?
False
Is 498265627 composite?
True
Is 8588239483 composite?
True
Is 72246901 a prime number?
True
Is 2875610209 composite?
True
Is 399220777 prime?
True
Is 2304511889 a prime number?
False
Is 458110399 composite?
True
Is 1032582011 a prime number?
True
Is 16053419 a prime number?
True
Is 2331491471 a prime number?
False
Is 73662682999 a prime number?
False
Is 5668383863 composite?
True
Is 272009923 prime?
False
Is 102478653539 composite?
True
Is 914962657 composite?
True
Is 2964546703 a prime number?
True
Is 15112133711 composite?
True
Is 13283238467 prime?
True
Is 169025814331 a prime number?
False
Is 23824853671 prime?
False
Is 2566412021 a composite number?
True
Is 294302930171 a prime number?
True
Is 401385813 prime?
False
Is 204545869 a composite number?
True
Is 33138688147 composite?
True
Is 1658109871 prime?
False
Is 1557391217 a composite number?
False
Is 2558718581 composite?
True
Is 1170123457 prime?
True
Is 1142080477 composite?
False
Is 331338773 composite?
False
Is 1452756329 a prime number?
True
Is 19608120271 a prime number?
False
Is 9078732731 prime?
False
Is 63428269 a prime number?
True
Is 2193589361 a composite number?
False
Is 8792105389 a composite number?
True
Is 2197070647 a composite number?
True
Is 330735343 a prime number?
False
Is 437199023 composite?
False
Is 10733477849 prime?
True
Is 62880109 a composite number?
False
Is 164812120897 prime?
False
Is 47499539 prime?
True
Is 23467490647 prime?
False
Is 3698468155 composite?
True
Is 44481186861 prime?
False
Is 13705564771 composite?
False
Is 443396081 a prime number?
False
Is 33230534009 prime?
False
Is 9717130355 prime?
False
Is 51170285623 a composite number?
False
Is 5608618973 a prime number?
False
Is 26842396367 a prime number?
False
Is 101446253 composite?
True
Is 4232975242 composite?
True
Is 30041043289 prime?
True
Is 3249002121 a prime number?
False
Is 14865899029 a composite number?
False
Is 39617457569 a composite number?
True
Is 12182202733 composite?
True
Is 1880308663 prime?
True
Is 46689613741 composite?
False
Is 79152948461 composite?
False
Is 32577947999 prime?
False
Is 29010628621 prime?
False
Is 223367564263 a prime number?
False
Is 7475648927 composite?
False
Is 87557117 a prime number?
True
Is 2449609361 prime?
True
I